{"id":1500,"date":"2011-02-10T09:43:19","date_gmt":"2011-02-10T08:43:19","guid":{"rendered":"http:\/\/thomas.is-ac.de\/blog\/?page_id=1500"},"modified":"2014-03-12T19:59:06","modified_gmt":"2014-03-12T18:59:06","slug":"br-64-064-446-8-fleischmann-7064","status":"publish","type":"page","link":"http:\/\/familie-gerding.net\/?page_id=1500","title":{"rendered":"BR 64 (064 446-8) &#8211; Fleischmann 7064"},"content":{"rendered":"<div align=\"center\">\n<a href=\"http:\/\/familie-gerding.net\/pictures\/mbbau_129_norm.jpg\"><img decoding=\"async\" src=\"http:\/\/familie-gerding.net\/pictures\/mbbau_129_th.jpg\"\/><\/a> <a href=\"http:\/\/familie-gerding.net\/pictures\/mbbau_130_norm.jpg\"><img decoding=\"async\" src=\"http:\/\/familie-gerding.net\/pictures\/mbbau_130_th.jpg\"\/><\/a><\/p>\n<p><a href=\"http:\/\/familie-gerding.net\/pictures\/mbbau_131_norm.jpg\"><img decoding=\"async\" src=\"http:\/\/familie-gerding.net\/pictures\/mbbau_131_th.jpg\"\/><\/a>\n<\/div>\n<p><strong>Vorbild:<\/strong><br \/>\nAb 1926 wurde als Einheits-Tenderlokomotive f\u00fcr den Personenzugdienst entwickelt. Sie sollte eine Lok mit geringer Achslast sein, damit sie auch auf Nebenstrecken ohne Probleme eingesetzt werden k\u00f6nnte. Einige ihrer Bauteile wurden von der <a href=\"http:\/\/thomas.is-ac.de\/blog\/?page_id=1405\" target=\"_blank\">Baureihe 24<\/a> \u00fcbernommen. Gebaut wurde die 64 zwischen 1928 und 1940 insgesamt 520 Mal. Mit ihrer Achsfolge 1&#8217;C1&#8242; konnte sie vor- und r\u00fcckw\u00e4rts jeweils 90km\/h schnell fahren.<br \/>\nDas Vorbild des Modell ist bis heute erhalten. Die 64 446 wurde 1938 gebaut und erst im Jahr 1972 au\u00dfer Dienst gestellt. Sie wurde jedoch nicht verschrottet, sondern f\u00fcr die Feierlichkeiten zum Bahnjubil\u00e4um 1985 wieder optisch aufbereitet. Anschlie\u00dfend wurde sie in Gl\u00fcckstadt als Denkmallokomotive ausgestellt und im Bahnbetriebswerk Neum\u00fcnster ausgestellt. Derzeit befindet sie sich im Bahnpark Augsburg. Eine Aufarbeitung zur vollen Funktionst\u00fcchtigkeit wird nicht ausgeschlossen.<\/p>\n<p><strong>Das Modell:<\/strong><br \/>\nDie 064 446-8 (Fleischmann Katalognummer 7064) ist ein super detailliertes Lokmodell. Die 7064 wurde ab 2003 von Fleischmann hergestellt und hat br\u00fcnierte R\u00e4der sowie eine br\u00fcnierte Steuerung. Die Bedruckung ist gut lesbar, das Fahrverhalten im Analogbetrieb hervorragend. Die Lok l\u00e4sst sich mit einem normalen Trafo (GFN 6735) sehr fein dosiert anfahren und anhalten. Auch die H\u00f6chstgeschwindigkeit liegt in einem guten Bereich (keine Renn-Lok). Die Stromabnahme der &#8211; recht kurzen Lok &#8211; ist gut, woran die verbaute Schwungmasse sicherlich ihren Anteil hat. Dieses Modell passt mit dem DB-Keks und der EDV Nummer klar in die letzten Tage ihres aktiven Dienstes in Epoche IV. <\/p>\n<p><strong>Quellen:<\/strong><br \/>\n<a href=\"http:\/\/www.spurweite-n.de\">http:\/\/www.spurweite-n.de<\/a><br \/>\n<a href=\"http:\/\/de.wikipedia.org\/wiki\/Baureihe_64\">http:\/\/de.wikipedia.org\/wiki\/Baureihe_64<\/a><br \/>\n<a href=\"http:\/\/www.bahnpark-augsburg.eu\/index.php?id=53\">http:\/\/www.bahnpark-augsburg.eu\/index.php?id=53<\/a><\/p>\n","protected":false},"excerpt":{"rendered":"<p>Vorbild: Ab 1926 wurde als Einheits-Tenderlokomotive f\u00fcr den Personenzugdienst entwickelt. Sie sollte eine Lok mit geringer Achslast sein, damit sie auch auf Nebenstrecken ohne Probleme eingesetzt werden k\u00f6nnte. Einige ihrer Bauteile wurden von der Baureihe 24 \u00fcbernommen. Gebaut wurde die 64 zwischen 1928 und 1940 insgesamt 520 Mal. Mit ihrer Achsfolge 1&#8217;C1&#8242; konnte sie vor- [&hellip;]<\/p>\n","protected":false},"author":1,"featured_media":0,"parent":2001,"menu_order":0,"comment_status":"open","ping_status":"open","template":"","meta":[],"_links":{"self":[{"href":"http:\/\/familie-gerding.net\/index.php?rest_route=\/wp\/v2\/pages\/1500"}],"collection":[{"href":"http:\/\/familie-gerding.net\/index.php?rest_route=\/wp\/v2\/pages"}],"about":[{"href":"http:\/\/familie-gerding.net\/index.php?rest_route=\/wp\/v2\/types\/page"}],"author":[{"embeddable":true,"href":"http:\/\/familie-gerding.net\/index.php?rest_route=\/wp\/v2\/users\/1"}],"replies":[{"embeddable":true,"href":"http:\/\/familie-gerding.net\/index.php?rest_route=%2Fwp%2Fv2%2Fcomments&post=1500"}],"version-history":[{"count":4,"href":"http:\/\/familie-gerding.net\/index.php?rest_route=\/wp\/v2\/pages\/1500\/revisions"}],"predecessor-version":[{"id":2005,"href":"http:\/\/familie-gerding.net\/index.php?rest_route=\/wp\/v2\/pages\/1500\/revisions\/2005"}],"up":[{"embeddable":true,"href":"http:\/\/familie-gerding.net\/index.php?rest_route=\/wp\/v2\/pages\/2001"}],"wp:attachment":[{"href":"http:\/\/familie-gerding.net\/index.php?rest_route=%2Fwp%2Fv2%2Fmedia&parent=1500"}],"curies":[{"name":"wp","href":"https:\/\/api.w.org\/{rel}","templated":true}]}}