{"id":1566,"date":"2012-12-18T19:19:42","date_gmt":"2012-12-18T18:19:42","guid":{"rendered":"http:\/\/thomas.is-ac.de\/blog\/?page_id=1566"},"modified":"2014-03-12T19:58:29","modified_gmt":"2014-03-12T18:58:29","slug":"br-56-20-56-2659-fleischmann-7157","status":"publish","type":"page","link":"http:\/\/familie-gerding.net\/?page_id=1566","title":{"rendered":"BR 56.20 (56 2659) &#8211; Fleischmann 7157"},"content":{"rendered":"<div align=\"center\">\n<a href=\"http:\/\/familie-gerding.net\/pictures\/mbbau_140_norm.jpg\"><img decoding=\"async\" src=\"http:\/\/familie-gerding.net\/pictures\/mbbau_140_th.jpg\"\/><br \/>\n<\/a><\/div>\n<p><strong>Vorbild:<\/strong><br \/>\nDie Baureihe 56 ist eine preu\u00dfische Entwicklung (unter der Bezeichnung <a href=\"http:\/\/de.wikipedia.org\/wiki\/Preu%C3%9Fische_G_8.2\" target=\"_blank\">G8.2<\/a>), die nach dem ersten Weltkrieg entstand. Die G\u00fcterzuglokomotive mit der Achsfolge 1&#8217;D wurde mehr als 800 Mal gebaut und zumindest in der DDR nach dem zweiten Weltkrieg auch noch bis in die 1970er Jahre weiter eingesetzt. Die DB musterte die verbliebenen Exemplare dagegen nach dem Krieg schnell aus, da sie f\u00fcr Hauptstrecken zu langsam und f\u00fcr Nebenstrecken zu schwer (zu hohe Achslachst) war.<\/p>\n<p><strong>Das Modell:<\/strong><br \/>\nDas Modell der 56 2659 (Fleischmann 7157) wurde 1990 in den Katalog aufgenommen, zuerst mit silbernen R\u00e4dern, ab 1996 dann mit br\u00fcnierten R\u00e4dern. Mein Modell habe ich 2011 neu erworben, es hat also br\u00fcnierte R\u00e4der. Die Detaillierung ist sehr gut. Die Lok hat einen ruhigen Lauf und l\u00e4sst sich schon bei niedriger Spannung anfahren. Vereinzelt liest man von Problemen mit der Steuerung, die nicht immer mitl\u00e4uft (die Lok wird geschoben). Mein Exemplar macht diesbez\u00fcglich jedoch keinerlei Probleme.<\/p>\n<p><strong>Quellen:<\/strong><br \/>\n<a href=\"http:\/\/www.spurweite-n.de\">http:\/\/www.spurweite-n.de<\/a><br \/>\n<a href=\"http:\/\/de.wikipedia.org\/wiki\/Preu%C3%9Fische_G_8.2\">http:\/\/de.wikipedia.org\/wiki\/Preu%C3%9Fische_G_8.2<\/a><\/p>\n","protected":false},"excerpt":{"rendered":"<p>Vorbild: Die Baureihe 56 ist eine preu\u00dfische Entwicklung (unter der Bezeichnung G8.2), die nach dem ersten Weltkrieg entstand. Die G\u00fcterzuglokomotive mit der Achsfolge 1&#8217;D wurde mehr als 800 Mal gebaut und zumindest in der DDR nach dem zweiten Weltkrieg auch noch bis in die 1970er Jahre weiter eingesetzt. Die DB musterte die verbliebenen Exemplare dagegen [&hellip;]<\/p>\n","protected":false},"author":1,"featured_media":0,"parent":2001,"menu_order":0,"comment_status":"open","ping_status":"open","template":"","meta":[],"_links":{"self":[{"href":"http:\/\/familie-gerding.net\/index.php?rest_route=\/wp\/v2\/pages\/1566"}],"collection":[{"href":"http:\/\/familie-gerding.net\/index.php?rest_route=\/wp\/v2\/pages"}],"about":[{"href":"http:\/\/familie-gerding.net\/index.php?rest_route=\/wp\/v2\/types\/page"}],"author":[{"embeddable":true,"href":"http:\/\/familie-gerding.net\/index.php?rest_route=\/wp\/v2\/users\/1"}],"replies":[{"embeddable":true,"href":"http:\/\/familie-gerding.net\/index.php?rest_route=%2Fwp%2Fv2%2Fcomments&post=1566"}],"version-history":[{"count":5,"href":"http:\/\/familie-gerding.net\/index.php?rest_route=\/wp\/v2\/pages\/1566\/revisions"}],"predecessor-version":[{"id":1854,"href":"http:\/\/familie-gerding.net\/index.php?rest_route=\/wp\/v2\/pages\/1566\/revisions\/1854"}],"up":[{"embeddable":true,"href":"http:\/\/familie-gerding.net\/index.php?rest_route=\/wp\/v2\/pages\/2001"}],"wp:attachment":[{"href":"http:\/\/familie-gerding.net\/index.php?rest_route=%2Fwp%2Fv2%2Fmedia&parent=1566"}],"curies":[{"name":"wp","href":"https:\/\/api.w.org\/{rel}","templated":true}]}}